 second derivative of 17*g**5/5 - g**4/6 + g**3/3 - g**2/2 + g. Let w = 9 - 8. Is m(w) composite?
False
Suppose 0 = -3*j - 2*t + 11503, -4*j - 3649 = -t - 18968. Is j composite?
True
Let g = 17326 + -10459. Is (-2)/(-8) + g/36 prime?
True
Is (2480050/60)/5 + (-3)/(-18) composite?
True
Let n(k) = -52*k - 10. Let u be n(-7). Suppose 0 = -3*h - 3*g + u + 528, h = 3*g + 282. Is h prime?
False
Let p(c) = 2*c**3 - 2*c**2 + c - 1. Let f be p(3). Is (4/14 + f/14)*89 composite?
True
Let s be ((-2815)/(-10))/(1/2). Is -1 - -1 - s*-5 a prime number?
False
Suppose 31*a = 6*a + 25775. Is a prime?
True
Let a = 23 - 18. Suppose -6044 = m - a*m. Is m prime?
True
Let x be (-1376)/(-258)*(1 + (-182)/(-4)). Suppose 3*v = -59 - 34. Let j = v + x. Is j a prime number?
False
Suppose -2*r + 14 = 3*n - 7*r, -4*r - 22 = 3*n. Let p be 27/7 + n/(-14). Suppose p*z - 111 - 109 = 0. Is z a composite number?
True
Is (0 - 2)*-3 + 751 composite?
False
Is 10/(-8) + 3 + 23797/4 prime?
False
Let k = 2012 + -5965. Let q = -1450 - k. Is q composite?
False
Let h = 54 - 45. Let u(n) = 24*n + 35. Is u(h) prime?
True
Suppose -3*x + 5*r + 48853 = 0, 0 = 2*x - x - 2*r - 16283. Is x a composite number?
True
Let f(d) = -d**3 - 10*d**2 + 6*d + 22. Is f(-13) prime?
False
Is -3 + -3 + 2128 + -3 a prime number?
False
Is 457562/210 - (-4)/30 composite?
False
Suppose -5*v = 14*p - 13*p - 297, -3*p - 5*v + 911 = 0. Is p a composite number?
False
Suppose b = 2*b - 20. Let j be (-8)/(-10)*b/8. Suppose j*m = -0*m + 658. Is m a prime number?
False
Let g(k) = 35*k + 32. Let u(v) = 34*v + 33. Let l(a) = -2*g(a) + 3*u(a). Is l(15) a prime number?
False
Let i be ((-6)/(-7))/((-10)/(-35)). Suppose -2*t + 965 = m, i*t = -0*m + 4*m - 3827. Is m composite?
True
Suppose 4*r + k = 5442, 4*r = 4*k - 204 + 5656. Is r prime?
True
Suppose 0 = u - 6252 + 22456. Is (-3)/((-81)/9) + u/(-6) prime?
False
Suppose 0 = a + 5*c - 2032, -4*a + 7*a - 5*c = 6036. Is a prime?
True
Let x be ((-2)/4)/(14/(-4732)). Suppose y = -a + 194, 0*y + x = y - 4*a. Let t = -26 + y. Is t a composite number?
False
Is 386 + 1 - (-4 - 0) a composite number?
True
Is (-731)/(-51)*(71 + -2) a prime number?
False
Let u = 4883 + -1669. Is u a prime number?
False
Let t = -59 - -61. Suppose 2912 + 3162 = t*b. Is b prime?
True
Suppose 0 = 57*x - 692452 + 122053. Is x a composite number?
False
Let l be 8 + (-25)/(-5) + -10. Suppose -2*a + 2956 = -l*x, -3*x + 629 - 2104 = -a. Is a a composite number?
False
Let t(m) = m**3 + 18*m**2 - 44*m + 3. Let s be t(-21). Let p = s - -1393. Is p a prime number?
True
Let m be 0 + 4 - (-20)/(-2). Is m/(-9)*(-381)/(-2) composite?
False
Let u be (1 + -1885)*(-273)/63. Is u/14 - 2/14 a composite number?
True
Suppose 10 = -3*h - 2. Let y(r) = -14*r**3 + 5*r**2 - r + 4. Let t be y(h). Suppose 2*n = 2*g - 0*n - t, 983 = 2*g - 3*n. Is g composite?
True
Suppose -a - 4*l + 539 = -454, 0 = a - 3*l - 1021. Is a prime?
True
Suppose 0 = 12*z + 10157 + 24067. Let g = 4309 + z. Is g a composite number?
True
Suppose -3*h + 5*k - 13 = 0, -2*h + 5*k - 33 = -4*h. Suppose -4*a - 3*s - 11 = 0, -5*s + 3 + 0 = -h*a. Let p = a + 293. Is p composite?
True
Suppose -2*b - 2*k + 276 = -0*b, 2*k + 655 = 5*b. Let l = -79 + 81. Suppose 443 = l*f + b. Is f prime?
False
Let j(i) = 5*i**3 - 50*i**2 + 27*i - 63. Is j(20) prime?
True
Let k be (4 + -1)/(66/(-15) + 5). Suppose -k*x = -2990 + 555. Is x prime?
True
Suppose 0*s = 7*s - 77. Suppose -3*k = 4*m + s, 4*k - 8 = 3*m - 31. Let t = m - -5. Is t a composite number?
True
Let y(n) = -64*n + 20. Let l be y(-7). Let z = l - -167. Is z a prime number?
False
Is 26796 - (70/10 - 8) a composite number?
True
Is 1172*(-6)/8*5/(-15) a prime number?
True
Let s be 390/91 + (-2)/7. Let d = 8 - s. Is -1 - (-4 + -128 + d) a prime number?
True
Let r = 22450 + -12023. Is r a prime number?
True
Let i(x) = 92 + 6 + 113 + 0*x + x. Is i(0) a prime number?
True
Suppose -3*c = d + 2*c - 15, 3*c = -d + 9. Suppose -3*o + i + 431 = d, -4*i + 7 = -9. Is o prime?
False
Suppose 4*w = 2*f + 414, -2*w = 3*f + 282 + 307. Let p(c) = c**2 + 2*c + 1. Let q be p(-3). Is (f/2)/((-2)/q) composite?
False
Let m(l) = l**3 + 18*l**2 + 7*l + 15. Is m(-16) a composite number?
True
Suppose d + 3*d - 3400 = 0. Let x = 201 + d. Suppose 793 = -2*j + 5*j + 4*m, 4*j - x = m. Is j a prime number?
True
Let l(j) = -2776*j**3 + 12*j**2 + 9*j + 3. Is l(-2) a prime number?
False
Let r = 49 - 64. Is 10/r - 1546/(-6) a composite number?
False
Let a(p) = -p**2 + 20*p - 35. Let q be a(18). Is (-3 + 328/4)*q composite?
False
Let k be ((-16)/(-10))/((-4)/(-10)). Suppose 358 = k*r - 150. Is r a composite number?
False
Let f(j) = -j**3 - 16*j**2 - 38*j + 2. Is f(-17) a composite number?
False
Let g = 25843 - 11392. Is g a composite number?
True
Suppose -4*g + 12*g - 3184 = 0. Suppose g = 4*n - 2*u, 0 = n + 2*u - 104 + 17. Is n prime?
True
Let z = -9 - -6. Let f be (-8)/12*z*1. Suppose u - 1181 - 943 = -5*s, -f*s = 4*u - 8586. Is u a composite number?
True
Let m = -61 - -63. Suppose 232 = 3*n + 4*z, -5*n + 3*z + 363 = 15. Suppose 0 = -m*l + 66 + n. Is l a prime number?
False
Let n(y) = 47301*y**2 + 2*y + 4. Is n(-1) composite?
False
Let p = 0 + 0. Suppose 2*f - 62 = -p*f. Is f a composite number?
False
Suppose 2*j + 2*p - 990 = 0, 501 = j + 11*p - 7*p. Is j prime?
False
Let a = -47 - -89. Let f be (-12)/a - (-1634)/(-14). Let r = f - -246. Is r prime?
False
Let q be (-30)/(-40) - (-1)/4 - -10. Let u = q + 320. Is u a prime number?
True
Let u(q) = 6*q**2 - 7*q - 12. Let r be u(-3). Suppose r*t = 60*t + 1893. Is t prime?
True
Let h be (8/6)/((-6)/(-9)). Suppose 381 = g + h*g. Is g prime?
True
Suppose -4*x = -0*x - 11588. Let m = -1938 + x. Is m prime?
False
Suppose -4*z = 5*o - 4180 - 4823, -2*o + 4*z + 3590 = 0. Is o a prime number?
False
Suppose -5239 = -a + 3*l, 0 = 3*a + 11*l - 8*l - 15669. Is a prime?
True
Let o = 592 - 312. Let i(a) = 183*a - 22. Let s be i(6). Suppose 4*g - o - s = 0. Is g prime?
False
Let y(n) = -n + 11. Let a be y(-12). Suppose -19 - a = 3*v. Is (-449)/(-2) + 21/v a composite number?
False
Let w be 20 - 2/(-2)*1. Let t(k) = 18*k - 18. Let c be t(6). Suppose -c - w = -3*r. Is r a composite number?
False
Let a(x) = -43*x - 14. Let j(n) = -21*n - 7. Let s(d) = -3*a(d) + 5*j(d). Let g = -137 + 140. Is s(g) composite?
False
Let k(q) = 480*q**2 + 24*q - 92. Let l(b) = -120*b**2 - 6*b + 23. Let a(g) = -2*k(g) - 9*l(g). Is a(6) a composite number?
True
Let a(y) be the first derivative of y**3/3 - 5*y**2/2 + 3*y + 1. Let h be a(5). Suppose -57 = -h*r - 4*c, -63 - 6 = -5*r + 2*c. Is r prime?
False
Let v = 2990 - 1368. Suppose -211 + 5916 = 5*o. Let x = v - o. Is x a prime number?
False
Let y = 203 - 130. Let u = -18 + y. Is u a prime number?
False
Let i = 15261 + -130. Is i a prime number?
True
Suppose -2*i = -5*c + 13, -5*c = -4*c + 3*i - 6. Suppose -2*t + c*l - 157 = -780, -4*l = -4*t + 1256. Is t a prime number?
False
Let s(b) be the first derivative of -5*b**4/4 + b**3/3 + b**2 - 17*b + 43. Is s(-7) a composite number?
False
Suppose 15112 = 371*f - 363*f. Is f composite?
False
Suppose 9*y - 124589 = 215134. Is y composite?
False
Suppose 0 = 4*t - 5*q + 126 + 804, 2*t + 470 = 5*q. Let k = t + 3683. Is (2/(-3))/((-2)/k) composite?
False
Let p(u) = 341*u**2 - 4*u - 8. Is p(-7) prime?
True
Suppose -q + 1 = 0, -5*q = -y - 3*q - 2. Suppose -2*c + 0*c + 4566 = y. Is c a prime number?
False
Suppose 0 = -f - n + 4041, 48*f + 8086 = 50*f + 4*n. Is f a composite number?
True
Let v(s) = s**2 - 8*s - 16. Let m be (-3)/(-3*(-4)/(-12)). Suppose 85 = -5*b - 5*g, 0 = 8*b - 3*b - m*g + 85. Is v(b) prime?
True
Let g(d) be the second derivative of d**4/12 - 3*d**3/2 + 5*d**2 + 7*d. Let o be g(8). Suppose -o*z + 412 = 5*k, -2*z + 7*k - 2*k = -432. Is z prime?
True
Suppose -o - 8 = -29. Let h be (-14)/o*(1 - -8). Is (-2148)/(-9) - 2/h a prime number?
True
Let j = 2248 - 498. Let u = 4539 - j. Is u composite?
False
Suppose -153*m + 87 = -124*m. Suppose k - 3 = -1. Suppose -d = k*x - x - 104, 3*x - m = 0. Is d a composite number?
False
Suppose 4*r - 2*r = 258. Suppose 0*x + r = 3*x. Suppose -q = 8 - x. Is q prime?
False
Let q(l) be the first derivative of -5*l**4/4 - 2*l**3/3 - 3*l**2 + 2*l + 3. Is q(-7) prime?
False
Is (2 + 0/(-18))/((-2)/(-15017)) a composite nu